y = -96. Let w be 546/104 - 2*(-2)/(-16). What is the units digit of 464/10 + 2*w/q?
6
Suppose 43 = 4*l - 9. Let o be (0 - 0/(-1))/((-13)/l). Suppose -5*m + 180 = -s, o = -s - 3*s. What is the tens digit of m?
3
Suppose 3*g + g = 30796. Suppose 3*r - g = -2248. Suppose -1255 = -16*m + r. What is the tens digit of m?
9
Suppose 4*y = 5*v + 1 + 5, y - v - 2 = 0. Suppose 95 + 97 = -y*i. Let c = 80 + i. What is the tens digit of c?
3
Suppose -4*x + 14 = 34, 0 = i + 3*x + 13. Suppose -4*y = -0*y - 16, -i*l - 5*y + 102 = 0. Suppose -b + 34 = -l. What is the tens digit of b?
7
Let k(r) = -984*r + 719. What is the thousands digit of k(-9)?
9
Suppose -5 = 4*z - 3*z - g, 15 = 3*g. Suppose -2*n = 5*m + 21, 2*n + z = -6. What is the tens digit of m - 0 - (-93 - -1)?
8
Let q = 120 - 101. Suppose -18*j = -q*j. Suppose -4*n - 305 = -3*p, j = 5*n + 12 + 13. What is the units digit of p?
5
Let w(a) = -4*a + 47. Let t be w(11). Suppose -t*d = -1225 - 1151. What is the tens digit of d?
9
Suppose -o = 3*m - 35, 0*o - 65 = -5*m - 3*o. Let i(s) = 41*s. Let x(p) = 264*p - 49. Let u(y) = -6*i(y) + x(y). What is the tens digit of u(m)?
3
Suppose 9*k + 45 = 14*k. What is the hundreds digit of 2 - (-344)/(-6)*k/(-2)?
2
Let z = -1447 + 4137. Suppose 0 = -7*v + z + 3106. What is the units digit of v?
8
Suppose 18*l = 17*l + 1632. Suppose -9*j = -13*j + l. Suppose o + 2*r = -3*o + j, -4*r = 2*o - 198. What is the hundreds digit of o?
1
Suppose 5353530 = 2152*u - 2041*u. What is the ten thousands digit of u?
4
Let h(s) = -2*s**3 + 8*s**2 - 4*s - 3. Let g be h(3). Suppose 2*r + 3*t - 926 = 0, -g*r - r = -2*t - 1836. What is the hundreds digit of r?
4
Let q(y) = -3*y**3 - 7*y**2 - 2*y + 2. Let s be q(-4). Suppose -7*g + 13*g = s. What is the units digit of (-1326)/(-18) + 5/g?
4
Let l(h) = -2*h**3 - 18*h**2 - 29*h + 14. Let d be l(-8). Let o = 871 - d. What is the hundreds digit of o?
7
Let n(s) = -44*s. Let q be n(1). Let t = 8 - q. What is the units digit of t + 0 + 0 + 5?
7
Suppose -554 = 2*y - 596. Suppose -y*n = -4*n - 4267. What is the tens digit of n?
5
Suppose 0 = 18*g + 25619 + 1633. Let u = 320 - g. What is the units digit of u?
4
Let n = -8625 + 14780. What is the hundreds digit of n?
1
Let y(m) = -m + 11. Let u be y(3). Let p(g) = g**3 - 3*g**2 + 5*g + 9. What is the units digit of p(u)?
9
Suppose 2563355 + 5550525 = 142*s. What is the thousands digit of s?
7
Suppose 3*r = -1 - 2. What is the hundreds digit of (1634 + r - 7)/3?
5
What is the units digit of 526488/10 + 35 + (-4600)/125?
7
Let t = -17472 + 24564. What is the hundreds digit of t?
0
Suppose -3*m + 20 = m. Suppose 0 = 5*f - 2*s - 3475, f + m*s = 9*s + 677. What is the hundreds digit of f?
6
Let m(t) = -5*t + 30. Let f be m(7). Let v(o) = 8*o**2 + 16*o - 5. What is the units digit of v(f)?
5
Let n be (2/6)/(4/(-12)) - 0. Let c be -2 + (-4)/n + 3. Suppose 0 = -3*y - c*y + 1808. What is the hundreds digit of y?
2
Suppose -4*s = -2*t - 47 - 165, s - 58 = -2*t. Let f = -48 + s. What is the units digit of f/(-10) - 17472/(-120)?
5
Suppose -5*x + 163 = -3*l, -3*x + 5*x - 90 = -5*l. Let h = 34 - x. What is the units digit of -1 + (-4172)/(-16) + h/(-4)?
0
Suppose 38724 = 4*t + 4*p, -3*t - p + 29003 = -6*p. What is the units digit of t?
6
Let u(i) = 4*i**3 + 10*i - 3. Let c be u(3). What is the hundreds digit of (c/(-18))/((-2)/100)?
3
Let d = -97 - -111. Let t = d - 13. Suppose -3*r + 3*s = 2*s - 686, -s + t = 0. What is the hundreds digit of r?
2
Suppose 145*n - 142*n - 12 = 0. Suppose u = -n + 2, 0 = -4*j - 4*u + 2700. What is the units digit of j?
7
Suppose 52951 = 2*f + 3*l, 22*l + 132368 = 5*f + 20*l. What is the thousands digit of f?
6
Suppose 2691 - 9091 - 99150 = -10*i. What is the units digit of i?
5
Let k = -128 - -189. Suppose -3*p - 528 = -6*p - 4*i, 694 = 4*p + 2*i. Let r = p - k. What is the tens digit of r?
1
What is the tens digit of (-2 + 0 - (-11 - -13)) + 5095?
9
Suppose -o - 3*o = -8*o. Suppose o = d - 3*d + 10. Suppose -3*b + 1184 = d*b. What is the tens digit of b?
4
Suppose 5*t + 3*s = -2, -7*s + 12 = -10*s. Suppose t*z + 169 - 859 = 0. What is the hundreds digit of z?
3
Let h(z) = 6 + z**2 - z - 5 + 8. Let t(x) = -2*x**2 + 3*x + 5. Let c be t(-1). What is the units digit of h(c)?
9
Let v(j) = 188*j - 1906. What is the units digit of v(24)?
6
Let r(z) = -174*z + 32549. What is the hundreds digit of r(0)?
5
Let b = 73 + -74. Let k be (-1)/(3/(-3) + 0). What is the tens digit of b - (k - ((-12)/(-4) + 70))?
7
Let a = 77 - 18. Let r(v) = v**2 + 28*v - 18. Let b be r(-27). Let n = a + b. What is the units digit of n?
4
Suppose -11*q - 16 = -19*q. Let r be ((-9)/6 - -3)*-10. What is the units digit of q + 5 + r/5?
4
Suppose 1730 + 2330 = -10*i. Let d = 830 + i. What is the tens digit of d?
2
Suppose -4*n + 5*f = 13, 20 - 6 = -2*n + 4*f. Let m(c) = 5*c**3 - 2*c**2 + 3 - 2*c**n - 4 + 0*c**2. What is the tens digit of m(2)?
1
Let p be (164/14)/(3/21). Suppose -s - 3*s - 218 = 2*i, 2*s + 2*i = -106. Let a = p + s. What is the tens digit of a?
2
Let p be (-1)/((-105)/26 - -4). Let z be 16/(-104) - (-6452)/p. Suppose -5*q = -z - 267. What is the tens digit of q?
0
Let q be 289/4 - (-4)/(-16). Let w = q + -70. Suppose w*y + 0*t = -3*t + 259, -4*y = 3*t - 527. What is the tens digit of y?
3
Let k(i) = 12*i**2 + 239*i + 58. What is the ten thousands digit of k(-45)?
1
Suppose 6*a - 9441 = 13629. Suppose a + 5791 = 22*g. What is the hundreds digit of g?
4
Let j(d) = -2*d - d**2 + 2 + 0*d + 14*d**3 + d**2. Let l be j(2). Let c = l - 42. What is the tens digit of c?
6
What is the hundreds digit of (-5)/(-1) + -42 + 33070 - 2?
0
Suppose -a + 69271 = 5*j, 3*j = 489*a - 490*a + 41561. What is the ten thousands digit of j?
1
Suppose 6*c - 130532 = -61059 + 96397. What is the ten thousands digit of c?
2
Suppose 0 = -2*g + 10, -4*h + 7*g - 2*g = -11. Suppose 0 = -2*t + 3*t - h. Suppose -10*w + 74 = -t*w. What is the tens digit of w?
7
Let u(h) = -43*h**3 - 3*h**2 + 8. Let f be u(-2). Suppose 8*n - f = 628. What is the units digit of n?
1
Let s(g) = -g**2 + 10*g - 14. Let m = 82 - 74. Let w be s(m). What is the tens digit of -135*(-10 - -12)/((-4)/w)?
3
Let l(j) = -2*j**3 + 4*j**2 - j + 6. Let b be l(3). Let p be (3/b)/((-4)/10)*30. Suppose -14*x + p*x = 79. What is the tens digit of x?
7
Let i(r) = -r**2 - 15*r - 40. Let c be i(-16). What is the tens digit of -1*8*2*63/c?
1
Suppose -12*v + 67930 = -2*v. Suppose 2*a = b - 1604, 0 = 5*b - 4*a - v - 1239. What is the tens digit of b?
0
Let n = 26 + 209. Let b = n - -174. What is the hundreds digit of b?
4
Let k be (15/20)/((-9)/(-19284)). Suppose -4*w + k = 571. What is the hundreds digit of w?
2
Suppose -2*m + 11 = -5. Let k(f) = f**2 - 4*f - 18. Let g be k(m). Suppose g = 3*t + 2*d - 4*d, 2*d = 10. What is the units digit of t?
8
Let j be (-3 + 0 - 0)/(-1). Suppose -5*u + 15 = -2*r - 3*r, 3 = j*r. Suppose -196 = -f - u*o, 0 = -f + 4*f - 2*o - 574. What is the tens digit of f?
9
Let h(t) = t**3 + 13*t**2 - 5*t - 24. Suppose -3*l - 4*l + 7 = 0. Let g be 169/26*(l - 3). What is the units digit of h(g)?
1
Suppose 0 = -12*q - 594 + 198. What is the units digit of (-14 + -1)/(-1 - 30/q)?
5
Suppose -8172 = -4*o + 5*p, 0 = -2*o - 4*p + 5486 - 1426. What is the thousands digit of o?
2
Suppose 658*u = 663*u - 134430. What is the tens digit of u?
8
Let l be (4/(-14))/(29/(-1015)). What is the tens digit of (2 + l)/4*43?
2
Suppose -4*m - 2*k = -4745 - 54685, 0 = -2*m + 3*k + 29735. What is the ten thousands digit of m?
1
Suppose -49*n + 4 = -50*n + 2*m, -5*m = -n - 10. Suppose 0 = -5*f - 3*r + 8409, n = -11*f + 13*f - r - 3357. What is the units digit of f?
0
Let f = 3611 - 1821. What is the tens digit of f?
9
Suppose 5*m = -n - 62255 + 241491, m - 35844 = 3*n. What is the ten thousands digit of m?
3
Suppose 0 = -119*m - 15*m - 31*m + 4874430. What is the ten thousands digit of m?
2
Let s(t) = -t**3 + 10*t**2 - 9*t + 2. Let c be s(9). Suppose -c*y - 98 + 518 = -2*u, -y = 3*u - 194. What is the units digit of y?
6
Suppose 14*k + 11*k - 1350 = 0. What is the hundreds digit of (2284 + 2)*27/k?
1
Suppose -689 = -25*q + 111. Let o(l) = 5*l - 88. What is the tens digit of o(q)?
7
Let i(x) = x**3 - x**2 + 30*x + 42. Let m be i(-11). Let w = -981 - m. What is the units digit o